{"id":321,"date":"2022-08-28T21:37:32","date_gmt":"2022-08-28T19:37:32","guid":{"rendered":"https:\/\/vofitness.fr\/?page_id=321"},"modified":"2025-12-09T15:40:25","modified_gmt":"2025-12-09T14:40:25","slug":"class-group","status":"publish","type":"page","link":"https:\/\/vitness.fr\/index.php\/class-group\/","title":{"rendered":"COURS COLLECTIF"},"content":{"rendered":"\n<div data-wp-interactive=\"core\/file\" class=\"wp-block-file\"><object data-wp-bind--hidden=\"!state.hasPdfPreview\" hidden class=\"wp-block-file__embed\" data=\"https:\/\/vitness.fr\/wp-content\/uploads\/2025\/09\/Vitness-planning-2025-2026-V3-2.pdf\" type=\"application\/pdf\" style=\"width:100%;height:600px\" aria-label=\"Contenu embarqu\u00e9 Vitness planning 2025 - 2026 V3.\"><\/object><a id=\"wp-block-file--media-944c1db1-abed-4954-bc29-df9b5eef4751\" href=\"https:\/\/vitness.fr\/wp-content\/uploads\/2025\/09\/Vitness-planning-2025-2026-V3-2.pdf\">Vitness planning 2025 &#8211; 2026 V3<\/a><a href=\"https:\/\/vitness.fr\/wp-content\/uploads\/2025\/09\/Vitness-planning-2025-2026-V3-2.pdf\" class=\"wp-block-file__button wp-element-button\" download aria-describedby=\"wp-block-file--media-944c1db1-abed-4954-bc29-df9b5eef4751\">T\u00e9l\u00e9charger<\/a><\/div>\n\n\n\n<iframe id=\"haWidget\" allowtransparency=\"true\" src=\"https:\/\/www.helloasso.com\/associations\/vo-thuat\/adhesions\/fitness-2025-2026\/widget-vignette\" style=\"width:350px;border:none;\" onload=\"window.addEventListener( 'message', e => { const dataHeight = e.data.height; const haWidgetElement = document.getElementById(&lsquo;haWidget&rsquo;); haWidgetElement.height = dataHeight + &lsquo;px&rsquo;; } )\u00a0\u00bb><\/iframe>\n\n\n\n<iframe id=\"haWidget\" allowtransparency=\"true\" src=\"https:\/\/www.helloasso.com\/associations\/vo-thuat\/evenements\/marche-nordique-dimanche\/widget-vignette\" style=\"width: 350px; height: 450px; border: none;\"><\/iframe>\n\n\n\n<p class=\"has-text-align-center has-vivid-purple-color has-text-color\"><strong>Nous vous rappelons que les cours sont nominatifs et arr\u00eat\u00e9s de septembre \u00e0 juin pour une p\u00e9riode de trente-six semaines hors vacances scolaires. En cons\u00e9quence les cours ne pourront \u00eatre rattrap\u00e9s sur d&rsquo;autres cr\u00e9neaux en raison des indisponibilit\u00e9 des participants. Merci de nous communiquer par mail \u00e0 vofitness@orange.fr le ou les cours choisi(s) en fonction de l&rsquo;abonnement souscrit.<\/strong> <strong>Par ailleurs le questionnaire de sant\u00e9 ainsi que l&rsquo;attestation devront \u00eatre compl\u00e9t\u00e9s uniquement en cas de renouvellement d&rsquo;adh\u00e9sion et t\u00e9l\u00e9charg\u00e9s en remplacement du certificat m\u00e9dical sur la plateforme HELLOASSO.<\/strong><\/p>\n\n\n\n<h2 class=\"wp-block-heading has-text-align-center\" id=\"lieux\">Lieux<\/h2>\n\n\n\n<div class=\"wp-block-columns is-layout-flex wp-container-core-columns-is-layout-9d6595d7 wp-block-columns-is-layout-flex\">\n<div class=\"wp-block-column is-layout-flow wp-block-column-is-layout-flow\" style=\"flex-basis:100%\">\n<div class=\"wp-block-group\"><div class=\"wp-block-group__inner-container is-layout-flow wp-block-group-is-layout-flow\">\n<p class=\"has-pale-pink-color has-text-color\"><strong><span style=\"text-decoration: underline;\">SALLE VERTE JULES VERNE 17 RUE JULES VERNE<\/span><\/strong> <\/p>\n\n\n\n<p class=\"has-pale-pink-color has-text-color\"><strong>LUNDI 12H00-12H45 CARDIO-BOXING<\/strong> (JEFF)<\/p>\n\n\n\n<p><strong><mark style=\"background-color:rgba(0, 0, 0, 0)\" class=\"has-inline-color has-pale-pink-color\">LUNDI 12H45-13H30 STRETCHING<\/mark><\/strong><mark style=\"background-color:rgba(0, 0, 0, 0)\" class=\"has-inline-color has-pale-pink-color\"> (JEFF)<\/mark><\/p>\n\n\n\n<p class=\"has-pale-pink-color has-text-color\"><strong>LUNDI&nbsp;18H30-19H30 PILATES<\/strong> (MARIE M)<\/p>\n\n\n\n<p class=\"has-pale-pink-color has-text-color\"><strong>LUNDI&nbsp;19H30-20H30 RENFO CAF<\/strong> (JEFF)<\/p>\n\n\n\n<p class=\"has-pale-pink-color has-text-color\"><strong>LUNDI&nbsp;20H30-21H30 CARDIO-BOXING<\/strong> (JEFF)<\/p>\n\n\n\n<p><strong><mark style=\"background-color:rgba(0, 0, 0, 0)\" class=\"has-inline-color has-pale-pink-color\">JEUDI 12H00-12H45 CARDIO-BOXING<\/mark><\/strong><mark style=\"background-color:rgba(0, 0, 0, 0)\" class=\"has-inline-color has-pale-pink-color\"> (JEFF)<\/mark><\/p>\n\n\n\n<p><mark style=\"background-color:rgba(0, 0, 0, 0)\" class=\"has-inline-color has-pale-pink-color\"><strong>JEUDI 12H45-13H30 STRETCHING<\/strong><\/mark> <mark style=\"background-color:rgba(0, 0, 0, 0)\" class=\"has-inline-color has-pale-pink-color\">(JEFF)<\/mark><\/p>\n\n\n\n<p class=\"has-pale-pink-color has-text-color\"><strong>SAMEDI&nbsp;09H00-10H00  PILATES\/MOBILITE<\/strong> (DENIS-MATHIEU)<\/p>\n\n\n\n<p class=\"has-pale-pink-color has-text-color\"><strong>SAMEDI&nbsp;10H00-11H00  PILATES\/MOBILITE<\/strong> (DENIS-MATHIEU)<\/p>\n\n\n\n<p class=\"has-pale-pink-color has-text-color\"><strong>SAMEDI 11H00-12H00<\/strong> <strong>RENFORCEMENT GLOBAL (<\/strong>DENIS-MATHIEU)<\/p>\n\n\n\n<p><\/p>\n<\/div><\/div>\n<\/div>\n<\/div>\n\n\n\n<div class=\"wp-block-columns is-layout-flex wp-container-core-columns-is-layout-9d6595d7 wp-block-columns-is-layout-flex\">\n<div class=\"wp-block-column is-layout-flow wp-block-column-is-layout-flow\" style=\"flex-basis:100%\">\n<div class=\"wp-block-group\"><div class=\"wp-block-group__inner-container is-layout-flow wp-block-group-is-layout-flow\">\n<p class=\"has-vivid-green-cyan-color has-text-color\"><strong><span style=\"text-decoration: underline;\">GYMNASE LEONARD DE VINCI 6 AVENUE LEONARD DE VINCI<\/span><\/strong><\/p>\n\n\n\n<p class=\"has-vivid-green-cyan-color has-text-color\"><strong>LUNDI 20H30 21H30<\/strong> <strong>STEP<\/strong> (Denis-mathieu)<\/p>\n\n\n\n<p class=\"has-vivid-cyan-blue-color has-text-color\"><br><span style=\"text-decoration: underline;\"><strong>GYMNASE JEAN-JAURES<\/strong>&nbsp;<strong>280 AVENUE JEAN-JAURES<\/strong><\/span><\/p>\n\n\n\n<p class=\"has-vivid-cyan-blue-color has-text-color\"><strong>LUNDI 21H00 &#8211; 22H00 <\/strong><\/p>\n\n\n\n<p class=\"has-vivid-cyan-blue-color has-text-color\"><strong>MERCREDI 9H00- 11H00 MARCHE NORDIQUE<\/strong> (Jimmy)<\/p>\n\n\n\n<p class=\"has-vivid-cyan-blue-color has-text-color\"><strong>MERCREDI 13H30 &#8211; 17H00 MULTISPORTS 6-12 ANS (<\/strong>JIMMY-JEFF<strong>)<\/strong><\/p>\n\n\n\n<p class=\"has-vivid-cyan-blue-color has-text-color\"><strong>MERCREDI 15H00-16H00 <\/strong>MMA KIDS<\/p>\n\n\n\n<p class=\"has-vivid-cyan-blue-color has-text-color\"><strong>MERCREDI 19H30 &#8211; 20H30 SELFDEFENSE F\u00c9MININ<\/strong> (Sylvain)<\/p>\n\n\n\n<p class=\"has-vivid-cyan-blue-color has-text-color\"><strong>MERCREDI 20H30 &#8211; 21H45 YOGA<\/strong> <\/p>\n\n\n\n<p class=\"has-vivid-cyan-blue-color has-text-color\"><strong>JEUDI 20H00-21H00 CROSS-TRAINING\/RENFO CAF SALLE DE GYM<\/strong> (JEFF)<\/p>\n\n\n\n<p class=\"has-vivid-cyan-blue-color has-text-color\"><strong>JEUDI 21H00-22H00 DANSE CONTEMPORAINE<\/strong> (AGNES)<\/p>\n\n\n\n<p class=\"has-vivid-purple-color has-text-color has-link-color has-medium-font-size wp-elements-c63d6766b371267e6cec2ac41fcb58dd\"><strong>GYMNASE DESCARTES 20 RUE PIERRE GILLES DE GENNES ANTONY<\/strong><\/p>\n\n\n\n<p class=\"has-vivid-purple-color has-text-color has-link-color wp-elements-6c30455eab009f58912e4f798807dac3\"><strong>VENDREDI 19H30- 20H30<\/strong> <strong>RENFORCEMENT MUSCUAIRE<\/strong><\/p>\n\n\n\n<p class=\"has-vivid-purple-color has-text-color\"><br><\/p>\n<\/div><\/div>\n<\/div>\n<\/div>\n\n\n\n<div class=\"wp-block-jetpack-slideshow aligncenter\" data-effect=\"slide\"><div class=\"wp-block-jetpack-slideshow_container swiper\"><ul class=\"wp-block-jetpack-slideshow_swiper-wrapper swiper-wrapper\"><li class=\"wp-block-jetpack-slideshow_slide swiper-slide\"><figure><img fetchpriority=\"high\" decoding=\"async\" width=\"1024\" height=\"1024\" alt=\"\" class=\"wp-block-jetpack-slideshow_image wp-image-616\" data-id=\"616\" src=\"https:\/\/vitness.fr\/wp-content\/uploads\/2024\/09\/signal-2024-07-07-21-08-06-787-1024x1024.jpg\" srcset=\"https:\/\/vitness.fr\/wp-content\/uploads\/2024\/09\/signal-2024-07-07-21-08-06-787-1024x1024.jpg 1024w, https:\/\/vitness.fr\/wp-content\/uploads\/2024\/09\/signal-2024-07-07-21-08-06-787-300x300.jpg 300w, https:\/\/vitness.fr\/wp-content\/uploads\/2024\/09\/signal-2024-07-07-21-08-06-787-150x150.jpg 150w, https:\/\/vitness.fr\/wp-content\/uploads\/2024\/09\/signal-2024-07-07-21-08-06-787-768x768.jpg 768w, https:\/\/vitness.fr\/wp-content\/uploads\/2024\/09\/signal-2024-07-07-21-08-06-787.jpg 1080w\" sizes=\"(max-width: 1024px) 100vw, 1024px\" \/><figcaption class=\"wp-block-jetpack-slideshow_caption gallery-caption\">MARCHE NORDIQUE AVEC JIMMY<\/figcaption><\/figure><\/li><li class=\"wp-block-jetpack-slideshow_slide swiper-slide\"><figure><img decoding=\"async\" width=\"969\" height=\"640\" alt=\"\" class=\"wp-block-jetpack-slideshow_image wp-image-527\" data-id=\"527\" src=\"https:\/\/vitness.fr\/wp-content\/uploads\/2023\/07\/Screenshot_20230723_135627_Chrome.jpg\" srcset=\"https:\/\/vitness.fr\/wp-content\/uploads\/2023\/07\/Screenshot_20230723_135627_Chrome.jpg 969w, https:\/\/vitness.fr\/wp-content\/uploads\/2023\/07\/Screenshot_20230723_135627_Chrome-300x198.jpg 300w, https:\/\/vitness.fr\/wp-content\/uploads\/2023\/07\/Screenshot_20230723_135627_Chrome-768x507.jpg 768w\" sizes=\"(max-width: 969px) 100vw, 969px\" \/><figcaption class=\"wp-block-jetpack-slideshow_caption gallery-caption\">SALLE VERTE<\/figcaption><\/figure><\/li><li class=\"wp-block-jetpack-slideshow_slide swiper-slide\"><figure><img decoding=\"async\" width=\"971\" height=\"645\" alt=\"\" class=\"wp-block-jetpack-slideshow_image wp-image-528\" data-id=\"528\" src=\"https:\/\/vitness.fr\/wp-content\/uploads\/2023\/07\/Screenshot_20230723_135729_Chrome.jpg\" srcset=\"https:\/\/vitness.fr\/wp-content\/uploads\/2023\/07\/Screenshot_20230723_135729_Chrome.jpg 971w, https:\/\/vitness.fr\/wp-content\/uploads\/2023\/07\/Screenshot_20230723_135729_Chrome-300x199.jpg 300w, https:\/\/vitness.fr\/wp-content\/uploads\/2023\/07\/Screenshot_20230723_135729_Chrome-768x510.jpg 768w\" sizes=\"(max-width: 971px) 100vw, 971px\" \/><figcaption class=\"wp-block-jetpack-slideshow_caption gallery-caption\">SALLE POLYVALENTE JULES VERNE<\/figcaption><\/figure><\/li><li class=\"wp-block-jetpack-slideshow_slide swiper-slide\"><figure><img loading=\"lazy\" decoding=\"async\" width=\"956\" height=\"710\" alt=\"\" class=\"wp-block-jetpack-slideshow_image wp-image-529\" data-id=\"529\" src=\"https:\/\/vitness.fr\/wp-content\/uploads\/2023\/07\/Screenshot_20230723_140137_Chrome.jpg\" srcset=\"https:\/\/vitness.fr\/wp-content\/uploads\/2023\/07\/Screenshot_20230723_140137_Chrome.jpg 956w, https:\/\/vitness.fr\/wp-content\/uploads\/2023\/07\/Screenshot_20230723_140137_Chrome-300x223.jpg 300w, https:\/\/vitness.fr\/wp-content\/uploads\/2023\/07\/Screenshot_20230723_140137_Chrome-768x570.jpg 768w\" sizes=\"(max-width: 956px) 100vw, 956px\" \/><figcaption class=\"wp-block-jetpack-slideshow_caption gallery-caption\">STADE MUNICIPALE<\/figcaption><\/figure><\/li><\/ul><a class=\"wp-block-jetpack-slideshow_button-prev swiper-button-prev swiper-button-white\" role=\"button\"><\/a><a class=\"wp-block-jetpack-slideshow_button-next swiper-button-next swiper-button-white\" role=\"button\"><\/a><a aria-label=\"Pause Slideshow\" class=\"wp-block-jetpack-slideshow_button-pause\" role=\"button\"><\/a><div class=\"wp-block-jetpack-slideshow_pagination swiper-pagination swiper-pagination-white\"><\/div><\/div><\/div>\n\n\n\n<p><\/p>\n","protected":false},"excerpt":{"rendered":"","protected":false},"author":1,"featured_media":0,"parent":0,"menu_order":0,"comment_status":"closed","ping_status":"closed","template":"","meta":{"footnotes":""},"class_list":["post-321","page","type-page","status-publish","hentry"],"jetpack_sharing_enabled":true,"_links":{"self":[{"href":"https:\/\/vitness.fr\/index.php\/wp-json\/wp\/v2\/pages\/321","targetHints":{"allow":["GET"]}}],"collection":[{"href":"https:\/\/vitness.fr\/index.php\/wp-json\/wp\/v2\/pages"}],"about":[{"href":"https:\/\/vitness.fr\/index.php\/wp-json\/wp\/v2\/types\/page"}],"author":[{"embeddable":true,"href":"https:\/\/vitness.fr\/index.php\/wp-json\/wp\/v2\/users\/1"}],"replies":[{"embeddable":true,"href":"https:\/\/vitness.fr\/index.php\/wp-json\/wp\/v2\/comments?post=321"}],"version-history":[{"count":66,"href":"https:\/\/vitness.fr\/index.php\/wp-json\/wp\/v2\/pages\/321\/revisions"}],"predecessor-version":[{"id":828,"href":"https:\/\/vitness.fr\/index.php\/wp-json\/wp\/v2\/pages\/321\/revisions\/828"}],"wp:attachment":[{"href":"https:\/\/vitness.fr\/index.php\/wp-json\/wp\/v2\/media?parent=321"}],"curies":[{"name":"wp","href":"https:\/\/api.w.org\/{rel}","templated":true}]}}